{"id":4419,"date":"2014-11-26T10:40:25","date_gmt":"2014-11-26T10:40:25","guid":{"rendered":"http:\/\/wwwterrassadentalclinic.com\/dr-josep-balcells-2\/"},"modified":"2014-12-03T09:01:07","modified_gmt":"2014-12-03T09:01:07","slug":"doctor-josep-balcells","status":"publish","type":"page","link":"https:\/\/www.terrassadentalclinic.com\/ca\/doctor-josep-balcells\/","title":{"rendered":"Dr. Josep Balcells"},"content":{"rendered":"<p>[et_pb_section][et_pb_row][et_pb_column type=&#8221;1_3&#8243;][et_pb_image admin_label=&#8221;Image&#8221; src=&#8221;\/wp-content\/uploads\/2011\/09\/DrJosepBalcells-230&#215;300-1.jpg&#8221; show_in_lightbox=&#8221;off&#8221; url_new_window=&#8221;off&#8221; animation=&#8221;left&#8221; sticky=&#8221;off&#8221; \/][\/et_pb_column][et_pb_column type=&#8221;2_3&#8243;][et_pb_text admin_label=&#8221;Text&#8221; background_layout=&#8221;light&#8221; text_orientation=&#8221;left&#8221;]<\/p>\n<h1>Dr. Josep Balcells<\/h1>\n<h2>El teu anestesi\u00f2leg i reanimaci\u00f3&nbsp;a Terrassa<\/h2>\n<p>Titulaci\u00f3:<\/p>\n<ul>\n<li>Llicenciat en medicina i Cirurgia per la Universitat Aut\u00f2noma de Barcelona.<\/li>\n<li>Especialista en Anestesiologia i Reanimaci\u00f3.<\/li>\n<li>20 anys com a metge adjunt del Servei d\u2019Anestesiologia i Reanimaci\u00f3 de l\u2019Hospital Universitari MutuaTerrassa.<\/li>\n<li>4 anys com a metge Coordinador del Servei d\u2019Anestesiologia i Reanimaci\u00f3 de l\u2019Hospital Universiatri MutuaTerrrassa.<\/li>\n<li>Responsable de la Unitat de Dolor Agut Postoperatori de l\u2019Hospital Universitari MutuaTerrrassa<\/li>\n<\/ul>\n<p><strong>Especialitats:<\/strong> Sedaci\u00f3 per via, sedaci\u00f3 infantil&#8230;[\/et_pb_text][\/et_pb_column][\/et_pb_row][\/et_pb_section]<\/p>\n","protected":false},"excerpt":{"rendered":"<p><div class=\"et_pb_section et_pb_section_0 et_section_regular\" >\n\t\t\t\t\n\t\t\t\t\n\t\t\t\t\n\t\t\t\t\n\t\t\t\t\n\t\t\t\t\n\t\t\t\t\n\t\t\t\t\n\t\t\t\t\n\t\t\t<\/div><div class=\"et_pb_row et_pb_row_0 et_pb_row_empty\">\n\t\t\t\t\n\t\t\t\t\n\t\t\t\t\n\t\t\t\t\n\t\t\t\t\n\t\t\t<\/div>Dr. Josep Balcells El teu anestesi\u00f2leg i reanimaci\u00f3&nbsp;a Terrassa Titulaci\u00f3: Llicenciat en medicina i Cirurgia per la Universitat Aut\u00f2noma de Barcelona. Especialista en Anestesiologia i Reanimaci\u00f3. 20 anys com a metge adjunt del Servei d\u2019Anestesiologia i Reanimaci\u00f3 de l\u2019Hospital Universitari MutuaTerrassa. 4 anys com a metge Coordinador del Servei d\u2019Anestesiologia i Reanimaci\u00f3 de l\u2019Hospital Universiatri [&hellip;]<\/p>\n","protected":false},"author":2,"featured_media":0,"parent":0,"menu_order":0,"comment_status":"closed","ping_status":"closed","template":"","meta":{"_et_pb_use_builder":"on","_et_pb_old_content":"","_et_gb_content_width":"","footnotes":""},"class_list":["post-4419","page","type-page","status-publish","hentry"],"yoast_head":"<!-- This site is optimized with the Yoast SEO plugin v27.2 - https:\/\/yoast.com\/product\/yoast-seo-wordpress\/ -->\n<title>Dr. Josep Balcells - Terrassa Dental Cl\u00ednic<\/title>\n<meta name=\"robots\" content=\"index, follow, max-snippet:-1, max-image-preview:large, max-video-preview:-1\" \/>\n<link rel=\"canonical\" href=\"https:\/\/www.terrassadentalclinic.com\/dr-josep-balcells\/\" \/>\n<meta property=\"og:locale\" content=\"ca_ES\" \/>\n<meta property=\"og:type\" content=\"article\" \/>\n<meta property=\"og:title\" content=\"Dr. Josep Balcells - Terrassa Dental Cl\u00ednic\" \/>\n<meta property=\"og:description\" content=\"Dr. Josep Balcells El teu anestesi\u00f2leg i reanimaci\u00f3&nbsp;a Terrassa Titulaci\u00f3: Llicenciat en medicina i Cirurgia per la Universitat Aut\u00f2noma de Barcelona. Especialista en Anestesiologia i Reanimaci\u00f3. 20 anys com a metge adjunt del Servei d\u2019Anestesiologia i Reanimaci\u00f3 de l\u2019Hospital Universitari MutuaTerrassa. 4 anys com a metge Coordinador del Servei d\u2019Anestesiologia i Reanimaci\u00f3 de l\u2019Hospital Universiatri [&hellip;]\" \/>\n<meta property=\"og:url\" content=\"https:\/\/www.terrassadentalclinic.com\/dr-josep-balcells\/\" \/>\n<meta property=\"og:site_name\" content=\"Terrassa Dental Cl\u00ednic\" \/>\n<meta property=\"article:modified_time\" content=\"2014-12-03T09:01:07+00:00\" \/>\n<meta name=\"twitter:label1\" content=\"Temps estimat de lectura\" \/>\n\t<meta name=\"twitter:data1\" content=\"1 minut\" \/>\n<script type=\"application\/ld+json\" class=\"yoast-schema-graph\">{\"@context\":\"https:\/\/schema.org\",\"@graph\":[{\"@type\":\"WebPage\",\"@id\":\"https:\/\/www.terrassadentalclinic.com\/dr-josep-balcells\/\",\"url\":\"https:\/\/www.terrassadentalclinic.com\/dr-josep-balcells\/\",\"name\":\"Dr. Josep Balcells - Terrassa Dental Cl\u00ednic\",\"isPartOf\":{\"@id\":\"https:\/\/www.terrassadentalclinic.com\/#website\"},\"datePublished\":\"2014-11-26T10:40:25+00:00\",\"dateModified\":\"2014-12-03T09:01:07+00:00\",\"breadcrumb\":{\"@id\":\"https:\/\/www.terrassadentalclinic.com\/dr-josep-balcells\/#breadcrumb\"},\"inLanguage\":\"ca\",\"potentialAction\":[{\"@type\":\"ReadAction\",\"target\":[\"https:\/\/www.terrassadentalclinic.com\/dr-josep-balcells\/\"]}]},{\"@type\":\"BreadcrumbList\",\"@id\":\"https:\/\/www.terrassadentalclinic.com\/dr-josep-balcells\/#breadcrumb\",\"itemListElement\":[{\"@type\":\"ListItem\",\"position\":1,\"name\":\"Portada\",\"item\":\"https:\/\/www.terrassadentalclinic.com\/ca\/\"},{\"@type\":\"ListItem\",\"position\":2,\"name\":\"Dr. Josep Balcells\"}]},{\"@type\":\"WebSite\",\"@id\":\"https:\/\/www.terrassadentalclinic.com\/#website\",\"url\":\"https:\/\/www.terrassadentalclinic.com\/\",\"name\":\"Terrassa Dental Cl\u00ednic\",\"description\":\"\",\"potentialAction\":[{\"@type\":\"SearchAction\",\"target\":{\"@type\":\"EntryPoint\",\"urlTemplate\":\"https:\/\/www.terrassadentalclinic.com\/?s={search_term_string}\"},\"query-input\":{\"@type\":\"PropertyValueSpecification\",\"valueRequired\":true,\"valueName\":\"search_term_string\"}}],\"inLanguage\":\"ca\"}]}<\/script>\n<!-- \/ Yoast SEO plugin. -->","yoast_head_json":{"title":"Dr. Josep Balcells - Terrassa Dental Cl\u00ednic","robots":{"index":"index","follow":"follow","max-snippet":"max-snippet:-1","max-image-preview":"max-image-preview:large","max-video-preview":"max-video-preview:-1"},"canonical":"https:\/\/www.terrassadentalclinic.com\/dr-josep-balcells\/","og_locale":"ca_ES","og_type":"article","og_title":"Dr. Josep Balcells - Terrassa Dental Cl\u00ednic","og_description":"Dr. Josep Balcells El teu anestesi\u00f2leg i reanimaci\u00f3&nbsp;a Terrassa Titulaci\u00f3: Llicenciat en medicina i Cirurgia per la Universitat Aut\u00f2noma de Barcelona. Especialista en Anestesiologia i Reanimaci\u00f3. 20 anys com a metge adjunt del Servei d\u2019Anestesiologia i Reanimaci\u00f3 de l\u2019Hospital Universitari MutuaTerrassa. 4 anys com a metge Coordinador del Servei d\u2019Anestesiologia i Reanimaci\u00f3 de l\u2019Hospital Universiatri [&hellip;]","og_url":"https:\/\/www.terrassadentalclinic.com\/dr-josep-balcells\/","og_site_name":"Terrassa Dental Cl\u00ednic","article_modified_time":"2014-12-03T09:01:07+00:00","twitter_misc":{"Temps estimat de lectura":"1 minut"},"schema":{"@context":"https:\/\/schema.org","@graph":[{"@type":"WebPage","@id":"https:\/\/www.terrassadentalclinic.com\/dr-josep-balcells\/","url":"https:\/\/www.terrassadentalclinic.com\/dr-josep-balcells\/","name":"Dr. Josep Balcells - Terrassa Dental Cl\u00ednic","isPartOf":{"@id":"https:\/\/www.terrassadentalclinic.com\/#website"},"datePublished":"2014-11-26T10:40:25+00:00","dateModified":"2014-12-03T09:01:07+00:00","breadcrumb":{"@id":"https:\/\/www.terrassadentalclinic.com\/dr-josep-balcells\/#breadcrumb"},"inLanguage":"ca","potentialAction":[{"@type":"ReadAction","target":["https:\/\/www.terrassadentalclinic.com\/dr-josep-balcells\/"]}]},{"@type":"BreadcrumbList","@id":"https:\/\/www.terrassadentalclinic.com\/dr-josep-balcells\/#breadcrumb","itemListElement":[{"@type":"ListItem","position":1,"name":"Portada","item":"https:\/\/www.terrassadentalclinic.com\/ca\/"},{"@type":"ListItem","position":2,"name":"Dr. Josep Balcells"}]},{"@type":"WebSite","@id":"https:\/\/www.terrassadentalclinic.com\/#website","url":"https:\/\/www.terrassadentalclinic.com\/","name":"Terrassa Dental Cl\u00ednic","description":"","potentialAction":[{"@type":"SearchAction","target":{"@type":"EntryPoint","urlTemplate":"https:\/\/www.terrassadentalclinic.com\/?s={search_term_string}"},"query-input":{"@type":"PropertyValueSpecification","valueRequired":true,"valueName":"search_term_string"}}],"inLanguage":"ca"}]}},"_links":{"self":[{"href":"https:\/\/www.terrassadentalclinic.com\/ca\/wp-json\/wp\/v2\/pages\/4419","targetHints":{"allow":["GET"]}}],"collection":[{"href":"https:\/\/www.terrassadentalclinic.com\/ca\/wp-json\/wp\/v2\/pages"}],"about":[{"href":"https:\/\/www.terrassadentalclinic.com\/ca\/wp-json\/wp\/v2\/types\/page"}],"author":[{"embeddable":true,"href":"https:\/\/www.terrassadentalclinic.com\/ca\/wp-json\/wp\/v2\/users\/2"}],"replies":[{"embeddable":true,"href":"https:\/\/www.terrassadentalclinic.com\/ca\/wp-json\/wp\/v2\/comments?post=4419"}],"version-history":[{"count":3,"href":"https:\/\/www.terrassadentalclinic.com\/ca\/wp-json\/wp\/v2\/pages\/4419\/revisions"}],"predecessor-version":[{"id":4656,"href":"https:\/\/www.terrassadentalclinic.com\/ca\/wp-json\/wp\/v2\/pages\/4419\/revisions\/4656"}],"wp:attachment":[{"href":"https:\/\/www.terrassadentalclinic.com\/ca\/wp-json\/wp\/v2\/media?parent=4419"}],"curies":[{"name":"wp","href":"https:\/\/api.w.org\/{rel}","templated":true}]}}

<p>[et_pb_section][et_pb_row][et_pb_column type=&#8221;1_3&#8243;][et_pb_image admin_label=&#8221;Image&#8221; src=&#8221;/wp-content/uploads/2011/09/DrJosepBalcells-230&#215;300-1.jpg&#8221; show_in_lightbox=&#8221;off&#8221; url_new_window=&#8221;off&#8221; animation=&#8221;left&#8221; sticky=&#8221;off&#8221; /][/et_pb_column][et_pb_column type=&#8221;2_3&#8243;][et_pb_text admin_label=&#8221;Text&#8221; background_layout=&#8221;light&#8221; text_orientation=&#8221;left&#8221;]</p>
<h1>Dr. Josep Balcells</h1>
<h2>El teu anestesiòleg i reanimació&nbsp;a Terrassa</h2>
<p>Titulació:</p>
<ul>
<li>Llicenciat en medicina i Cirurgia per la Universitat Autònoma de Barcelona.</li>
<li>Especialista en Anestesiologia i Reanimació.</li>
<li>20 anys com a metge adjunt del Servei d’Anestesiologia i Reanimació de l’Hospital Universitari MutuaTerrassa.</li>
<li>4 anys com a metge Coordinador del Servei d’Anestesiologia i Reanimació de l’Hospital Universiatri MutuaTerrrassa.</li>
<li>Responsable de la Unitat de Dolor Agut Postoperatori de l’Hospital Universitari MutuaTerrrassa</li>
</ul>
<p><strong>Especialitats:</strong> Sedació per via, sedació infantil&#8230;[/et_pb_text][/et_pb_column][/et_pb_row][/et_pb_section]</p>

<p><div class="et_pb_section et_pb_section_0 et_section_regular" >
				
				
				
				
				
				
				
				
				
			</div><div class="et_pb_row et_pb_row_0 et_pb_row_empty">
				
				
				
				
				
			</div>Dr. Josep Balcells El teu anestesiòleg i reanimació&nbsp;a Terrassa Titulació: Llicenciat en medicina i Cirurgia per la Universitat Autònoma de Barcelona. Especialista en Anestesiologia i Reanimació. 20 anys com a metge adjunt del Servei d’Anestesiologia i Reanimació de l’Hospital Universitari MutuaTerrassa. 4 anys com a metge Coordinador del Servei d’Anestesiologia i Reanimació de l’Hospital Universiatri [&hellip;]</p>

<!-- This site is optimized with the Yoast SEO plugin v27.2 - https://yoast.com/product/yoast-seo-wordpress/ -->
<title>Dr. Josep Balcells - Terrassa Dental Clínic</title>
<meta name="robots" content="index, follow, max-snippet:-1, max-image-preview:large, max-video-preview:-1" />
<link rel="canonical" href="https://www.terrassadentalclinic.com/dr-josep-balcells/" />
<meta property="og:locale" content="ca_ES" />
<meta property="og:type" content="article" />
<meta property="og:title" content="Dr. Josep Balcells - Terrassa Dental Clínic" />
<meta property="og:description" content="Dr. Josep Balcells El teu anestesiòleg i reanimació&nbsp;a Terrassa Titulació: Llicenciat en medicina i Cirurgia per la Universitat Autònoma de Barcelona. Especialista en Anestesiologia i Reanimació. 20 anys com a metge adjunt del Servei d’Anestesiologia i Reanimació de l’Hospital Universitari MutuaTerrassa. 4 anys com a metge Coordinador del Servei d’Anestesiologia i Reanimació de l’Hospital Universiatri [&hellip;]" />
<meta property="og:url" content="https://www.terrassadentalclinic.com/dr-josep-balcells/" />
<meta property="og:site_name" content="Terrassa Dental Clínic" />
<meta property="article:modified_time" content="2014-12-03T09:01:07+00:00" />
<meta name="twitter:label1" content="Temps estimat de lectura" />
	<meta name="twitter:data1" content="1 minut" />
<script type="application/ld+json" class="yoast-schema-graph">{"@context":"https://schema.org","@graph":[{"@type":"WebPage","@id":"https://www.terrassadentalclinic.com/dr-josep-balcells/","url":"https://www.terrassadentalclinic.com/dr-josep-balcells/","name":"Dr. Josep Balcells - Terrassa Dental Clínic","isPartOf":{"@id":"https://www.terrassadentalclinic.com/#website"},"datePublished":"2014-11-26T10:40:25+00:00","dateModified":"2014-12-03T09:01:07+00:00","breadcrumb":{"@id":"https://www.terrassadentalclinic.com/dr-josep-balcells/#breadcrumb"},"inLanguage":"ca","potentialAction":[{"@type":"ReadAction","target":["https://www.terrassadentalclinic.com/dr-josep-balcells/"]}]},{"@type":"BreadcrumbList","@id":"https://www.terrassadentalclinic.com/dr-josep-balcells/#breadcrumb","itemListElement":[{"@type":"ListItem","position":1,"name":"Portada","item":"https://www.terrassadentalclinic.com/ca/"},{"@type":"ListItem","position":2,"name":"Dr. Josep Balcells"}]},{"@type":"WebSite","@id":"https://www.terrassadentalclinic.com/#website","url":"https://www.terrassadentalclinic.com/","name":"Terrassa Dental Clínic","description":"","potentialAction":[{"@type":"SearchAction","target":{"@type":"EntryPoint","urlTemplate":"https://www.terrassadentalclinic.com/?s={search_term_string}"},"query-input":{"@type":"PropertyValueSpecification","valueRequired":true,"valueName":"search_term_string"}}],"inLanguage":"ca"}]}</script>
<!-- / Yoast SEO plugin. -->

Dr. Josep Balcells - Terrassa Dental Clínic

Dr. Josep Balcells El teu anestesiòleg i reanimació&nbsp;a Terrassa Titulació: Llicenciat en medicina i Cirurgia per la Universitat Autònoma de Barcelona. Especialista en Anestesiologia i Reanimació. 20 anys com a metge adjunt del Servei d’Anestesiologia i Reanimació de l’Hospital Universitari MutuaTerrassa. 4 anys com a metge Coordinador del Servei d’Anestesiologia i Reanimació de l’Hospital Universiatri [&hellip;]

Terrassa Dental Clínic
