{"version":"1.0","provider_name":"Terrassa Dental Cl\u00ednic","provider_url":"https:\/\/www.terrassadentalclinic.com\/ca\/","author_name":"Jordi","author_url":"https:\/\/www.terrassadentalclinic.com\/ca\/author\/jordi\/","title":"Dr. Josep Balcells - Terrassa Dental Cl\u00ednic","type":"rich","width":600,"height":338,"html":"<blockquote class=\"wp-embedded-content\" data-secret=\"y8SpIgkYT5\"><a href=\"https:\/\/www.terrassadentalclinic.com\/ca\/doctor-josep-balcells\/\">Dr. Josep Balcells<\/a><\/blockquote><iframe sandbox=\"allow-scripts\" security=\"restricted\" src=\"https:\/\/www.terrassadentalclinic.com\/ca\/doctor-josep-balcells\/embed\/#?secret=y8SpIgkYT5\" width=\"600\" height=\"338\" title=\"&#8220;Dr. Josep Balcells&#8221; &#8212; Terrassa Dental Cl\u00ednic\" data-secret=\"y8SpIgkYT5\" frameborder=\"0\" marginwidth=\"0\" marginheight=\"0\" scrolling=\"no\" class=\"wp-embedded-content\"><\/iframe><script type=\"text\/javascript\">\n\/* <![CDATA[ *\/\n\/*! This file is auto-generated *\/\n!function(d,l){\"use strict\";l.querySelector&&d.addEventListener&&\"undefined\"!=typeof URL&&(d.wp=d.wp||{},d.wp.receiveEmbedMessage||(d.wp.receiveEmbedMessage=function(e){var t=e.data;if((t||t.secret||t.message||t.value)&&!\/[^a-zA-Z0-9]\/.test(t.secret)){for(var s,r,n,a=l.querySelectorAll('iframe[data-secret=\"'+t.secret+'\"]'),o=l.querySelectorAll('blockquote[data-secret=\"'+t.secret+'\"]'),c=new RegExp(\"^https?:$\",\"i\"),i=0;i<o.length;i++)o[i].style.display=\"none\";for(i=0;i<a.length;i++)s=a[i],e.source===s.contentWindow&&(s.removeAttribute(\"style\"),\"height\"===t.message?(1e3<(r=parseInt(t.value,10))?r=1e3:~~r<200&&(r=200),s.height=r):\"link\"===t.message&&(r=new URL(s.getAttribute(\"src\")),n=new URL(t.value),c.test(n.protocol))&&n.host===r.host&&l.activeElement===s&&(d.top.location.href=t.value))}},d.addEventListener(\"message\",d.wp.receiveEmbedMessage,!1),l.addEventListener(\"DOMContentLoaded\",function(){for(var e,t,s=l.querySelectorAll(\"iframe.wp-embedded-content\"),r=0;r<s.length;r++)(t=(e=s[r]).getAttribute(\"data-secret\"))||(t=Math.random().toString(36).substring(2,12),e.src+=\"#?secret=\"+t,e.setAttribute(\"data-secret\",t)),e.contentWindow.postMessage({message:\"ready\",secret:t},\"*\")},!1)))}(window,document);\n\/\/# sourceURL=https:\/\/www.terrassadentalclinic.com\/wp-includes\/js\/wp-embed.min.js\n\/* ]]> *\/\n<\/script>\n","description":"[et_pb_section][et_pb_row][et_pb_column type=&#8221;1_3&#8243;][et_pb_image admin_label=&#8221;Image&#8221; src=&#8221;\/wp-content\/uploads\/2011\/09\/DrJosepBalcells-230&#215;300-1.jpg&#8221; show_in_lightbox=&#8221;off&#8221; url_new_window=&#8221;off&#8221; animation=&#8221;left&#8221; sticky=&#8221;off&#8221; \/][\/et_pb_column][et_pb_column type=&#8221;2_3&#8243;][et_pb_text admin_label=&#8221;Text&#8221; background_layout=&#8221;light&#8221; text_orientation=&#8221;left&#8221;] Dr. Josep Balcells El teu anestesi\u00f2leg i reanimaci\u00f3&nbsp;a Terrassa Titulaci\u00f3: Llicenciat en medicina i Cirurgia per la Universitat Aut\u00f2noma de Barcelona. Especialista en Anestesiologia i Reanimaci\u00f3. 20 anys com a metge adjunt del Servei d\u2019Anestesiologia i Reanimaci\u00f3 de l\u2019Hospital Universitari MutuaTerrassa. 4 [&hellip;]"}

Terrassa Dental Clínic

Dr. Josep Balcells - Terrassa Dental Clínic

<blockquote class="wp-embedded-content" data-secret="y8SpIgkYT5"><a href="https://www.terrassadentalclinic.com/ca/doctor-josep-balcells/">Dr. Josep Balcells</a></blockquote><iframe sandbox="allow-scripts" security="restricted" src="https://www.terrassadentalclinic.com/ca/doctor-josep-balcells/embed/#?secret=y8SpIgkYT5" width="600" height="338" title="&#8220;Dr. Josep Balcells&#8221; &#8212; Terrassa Dental Clínic" data-secret="y8SpIgkYT5" frameborder="0" marginwidth="0" marginheight="0" scrolling="no" class="wp-embedded-content"></iframe><script type="text/javascript">
/* <![CDATA[ */
/*! This file is auto-generated */
!function(d,l){"use strict";l.querySelector&&d.addEventListener&&"undefined"!=typeof URL&&(d.wp=d.wp||{},d.wp.receiveEmbedMessage||(d.wp.receiveEmbedMessage=function(e){var t=e.data;if((t||t.secret||t.message||t.value)&&!/[^a-zA-Z0-9]/.test(t.secret)){for(var s,r,n,a=l.querySelectorAll('iframe[data-secret="'+t.secret+'"]'),o=l.querySelectorAll('blockquote[data-secret="'+t.secret+'"]'),c=new RegExp("^https?:$","i"),i=0;i<o.length;i++)o[i].style.display="none";for(i=0;i<a.length;i++)s=a[i],e.source===s.contentWindow&&(s.removeAttribute("style"),"height"===t.message?(1e3<(r=parseInt(t.value,10))?r=1e3:~~r<200&&(r=200),s.height=r):"link"===t.message&&(r=new URL(s.getAttribute("src")),n=new URL(t.value),c.test(n.protocol))&&n.host===r.host&&l.activeElement===s&&(d.top.location.href=t.value))}},d.addEventListener("message",d.wp.receiveEmbedMessage,!1),l.addEventListener("DOMContentLoaded",function(){for(var e,t,s=l.querySelectorAll("iframe.wp-embedded-content"),r=0;r<s.length;r++)(t=(e=s[r]).getAttribute("data-secret"))||(t=Math.random().toString(36).substring(2,12),e.src+="#?secret="+t,e.setAttribute("data-secret",t)),e.contentWindow.postMessage({message:"ready",secret:t},"*")},!1)))}(window,document);
//# sourceURL=https://www.terrassadentalclinic.com/wp-includes/js/wp-embed.min.js
/* ]]> */
</script>

[et_pb_section][et_pb_row][et_pb_column type=&#8221;1_3&#8243;][et_pb_image admin_label=&#8221;Image&#8221; src=&#8221;/wp-content/uploads/2011/09/DrJosepBalcells-230&#215;300-1.jpg&#8221; show_in_lightbox=&#8221;off&#8221; url_new_window=&#8221;off&#8221; animation=&#8221;left&#8221; sticky=&#8221;off&#8221; /][/et_pb_column][et_pb_column type=&#8221;2_3&#8243;][et_pb_text admin_label=&#8221;Text&#8221; background_layout=&#8221;light&#8221; text_orientation=&#8221;left&#8221;] Dr. Josep Balcells El teu anestesiòleg i reanimació&nbsp;a Terrassa Titulació: Llicenciat en medicina i Cirurgia per la Universitat Autònoma de Barcelona. Especialista en Anestesiologia i Reanimació. 20 anys com a metge adjunt del Servei d’Anestesiologia i Reanimació de l’Hospital Universitari MutuaTerrassa. 4 [&hellip;]
